{"id":52,"date":"2019-05-06T08:51:53","date_gmt":"2019-05-06T06:51:53","guid":{"rendered":"https:\/\/neversikastetxea.com\/?page_id=52"},"modified":"2026-03-25T14:22:11","modified_gmt":"2026-03-25T13:22:11","slug":"comedor","status":"publish","type":"page","link":"https:\/\/neversikastetxea.com\/es\/comedor\/","title":{"rendered":"Comedor"},"content":{"rendered":"<div class=\"wpb-content-wrapper\"><p>[vc_row css=\u00bb.vc_custom_1578592059204{padding-top: 4% !important;padding-bottom: 4% !important;}\u00bb][vc_column][vc_row_inner content_placement=\u00bbmiddle\u00bb][vc_column_inner el_class=\u00bbpad-right\u00bb width=\u00bb1\/2&#8243;][vc_column_text css=\u00bb\u00bb]<\/p>\n<h1>Nuestro comedor<\/h1>\n<p><strong>Cocina propia en el centro<\/strong><\/p>\n<p>En Nevers Ikastetxea creemos que para que la comida sea como la de casa, tiene que estar hecha en casa. Por eso, <strong>todas las comidas se cocinan diariamente en la cocina del propio colegio<\/strong>, garantizando una alimentaci\u00f3n casera, equilibrada y de calidad.<\/p>\n<p><strong>Alimentaci\u00f3n KM0<\/strong><\/p>\n<p>Apostamos por un modelo de alimentaci\u00f3n <strong>KM0<\/strong>, priorizando productos locales, frescos y de temporada. De este modo fomentamos h\u00e1bitos saludables, reducimos el impacto ambiental y apoyamos a los productores del entorno.<\/p>\n<p>El comedor es as\u00ed una extensi\u00f3n del proyecto educativo del centro, donde la alimentaci\u00f3n se convierte tambi\u00e9n en una herramienta de aprendizaje.<\/p>\n<p><strong>Men\u00fas equilibrados y seguros<\/strong><\/p>\n<p>Los men\u00fas se elaboran en colaboraci\u00f3n con <strong>Ausolan<\/strong>, empresa con <strong>m\u00e1s de 45 a\u00f1os de experiencia<\/strong>, siguiendo criterios diet\u00e9ticos y nutricionales adecuados al desarrollo del alumnado, con todas las garant\u00edas higi\u00e9nicas y sanitarias.[\/vc_column_text][\/vc_column_inner][vc_column_inner width=\u00bb1\/2&#8243;][vc_single_image image=\u00bb8664&#8243; img_size=\u00bblarge\u00bb alignment=\u00bbcenter\u00bb css=\u00bb\u00bb][\/vc_column_inner][\/vc_row_inner][\/vc_column][\/vc_row][vc_row full_width=\u00bbstretch_row\u00bb el_class=\u00bbCTA\u00bb css=\u00bb.vc_custom_1578592079480{padding-top: 4% !important;padding-bottom: 4% !important;background-color: #e2e2e2 !important;}\u00bb][vc_column][vc_row_inner equal_height=\u00bbyes\u00bb content_placement=\u00bbmiddle\u00bb][vc_column_inner el_class=\u00bbleftColCTA\u00bb width=\u00bb1\/2&#8243; offset=\u00bbvc_hidden-sm vc_hidden-xs\u00bb][vc_column_text]<\/p>\n<h2 style=\"margin: 0; font-size: 3em;\"><span style=\"color: #ffffff;\">Descarga el men\u00fa del comedor<\/span><\/h2>\n<p>[\/vc_column_text][\/vc_column_inner][vc_column_inner width=\u00bb1\/4&#8243; offset=\u00bbvc_hidden-sm vc_hidden-xs\u00bb]<div class=\"vckit-btn-container vckit-btn-center\"><a class=\"vckit-btn button--winona button--size-m button--text-thin button--border-medium button--round-s vckit_custom_class_869c3e17e9c0e3  CTAButton seeMoreButtonNegative\" href=\"https:\/\/menuo.ausolan.com\/\" title=\"\" target=\"_blank\" data-text=\"Men\u00fa\" rel=\"nofollow noopener\"><span>Men\u00fa<\/span><\/a><\/div>\n<style type=\"text\/css\" data-type=\"vckit-shortcode-css\" data-shortcode=\"vckit_button\">.vckit-btn.vckit_custom_class_869c3e17e9c0e3 { color: #ffffff}.vckit-btn.vckit_custom_class_869c3e17e9c0e3 { border-color: #ffffff}.vckit-btn.vckit_custom_class_869c3e17e9c0e3:hover { color: #f2f2f2}.vckit-btn.vckit_custom_class_869c3e17e9c0e3:after { color: #f2f2f2}<\/style>[\/vc_column_inner][vc_column_inner width=\u00bb1\/4&#8243;]<div class=\"vckit-btn-container vckit-btn-center\"><a class=\"vckit-btn button--winona button--size-m button--text-thin button--border-medium button--round-s vckit_custom_class_969c3e175eecc2  CTAButton seeMoreButtonNegative\" href=\"https:\/\/menuo.ausolan.com\/\" title=\"\" target=\"_blank\" data-text=\"Dietas especiales\" rel=\"nofollow noopener\"><span>Dietas especiales<\/span><\/a><\/div>\n<style type=\"text\/css\" data-type=\"vckit-shortcode-css\" data-shortcode=\"vckit_button\">.vckit-btn.vckit_custom_class_969c3e175eecc2 { color: #ffffff}.vckit-btn.vckit_custom_class_969c3e175eecc2 { border-color: #ffffff}.vckit-btn.vckit_custom_class_969c3e175eecc2:hover { color: #f2f2f2}.vckit-btn.vckit_custom_class_969c3e175eecc2:after { color: #f2f2f2}<\/style>[\/vc_column_inner][\/vc_row_inner][\/vc_column][\/vc_row][vc_row css=\u00bb.vc_custom_1577966471160{padding-top: 5% !important;padding-bottom: 3% !important;}\u00bb][vc_column][vc_row_inner][vc_column_inner][vc_column_text css=\u00bb\u00bb el_class=\u00bbcolumna-texto\u00bb]<strong>Dietas especiales<\/strong><\/p>\n<p>Ofrecemos men\u00fas adaptados a alumnado con <strong>alergias, celiaqu\u00eda y otras necesidades alimentarias espec\u00edficas<\/strong>, siempre cuidando su bienestar y salud.<\/p>\n<p><strong>Atenci\u00f3n durante el comedor<\/strong><\/p>\n<p>El alumnado est\u00e1 atendido por profesorado del centro y personal auxiliar de <strong>Ausolan<\/strong>. La haurtzaindegi cuenta con su <strong>propio comedor<\/strong>, adaptado a esta etapa.<\/p>\n<p><strong>Horarios:<\/strong><\/p>\n<ul>\n<li>Comedor: 12:30-14:00 (EI\/EP) \/ 14:30-15:00 (ESO)<\/li>\n<li>Tiempo libre y extraescolares de mediod\u00eda: 12:30-14:30<\/li>\n<li>Alumnado de 3 a\u00f1os: siesta obligatoria<\/li>\n<\/ul>\n<p><strong>Gesti\u00f3n del servicio<\/strong><\/p>\n<p>Las <strong>altas y bajas<\/strong> del comedor se gestionan a trav\u00e9s de <strong>Secretar\u00eda o Administraci\u00f3n<\/strong>.[\/vc_column_text][\/vc_column_inner][\/vc_row_inner][\/vc_column][\/vc_row][vc_row el_class=\u00bbtwoColumnsVideos\u00bb][vc_column][vc_row_inner][vc_column_inner width=\u00bb1\/2&#8243;][vc_single_image image=\u00bb8665&#8243; img_size=\u00bblarge\u00bb alignment=\u00bbcenter\u00bb css=\u00bb\u00bb][\/vc_column_inner][vc_column_inner width=\u00bb1\/2&#8243;][vc_single_image image=\u00bb8667&#8243; img_size=\u00bblarge\u00bb alignment=\u00bbcenter\u00bb css=\u00bb\u00bb][\/vc_column_inner][\/vc_row_inner][\/vc_column][\/vc_row]<\/p>\n<\/div>","protected":false},"excerpt":{"rendered":"<p>[vc_row css=\u00bb.vc_custom_1578592059204{padding-top: 4% !important;padding-bottom: 4% !important;}\u00bb][vc_column][vc_row_inner content_placement=\u00bbmiddle\u00bb][vc_column_inner el_class=\u00bbpad-right\u00bb width=\u00bb1\/2&#8243;][vc_column_text css=\u00bb\u00bb] Nuestro comedor Cocina propia en el centro En Nevers Ikastetxea creemos que para que la comida sea como la de casa, tiene que estar hecha en casa. Por eso, todas las comidas se cocinan diariamente en la cocina del propio colegio, garantizando una alimentaci\u00f3n casera, &hellip; <\/p>\n<p class=\"link-more\"><a href=\"https:\/\/neversikastetxea.com\/es\/comedor\/\" class=\"more-link\">Seguir leyendo<span class=\"screen-reader-text\"> \u00abComedor\u00bb<\/span><\/a><\/p>\n","protected":false},"author":1,"featured_media":1178,"parent":0,"menu_order":0,"comment_status":"closed","ping_status":"closed","template":"","meta":{"footnotes":""},"class_list":["post-52","page","type-page","status-publish","has-post-thumbnail","hentry","entry"],"_links":{"self":[{"href":"https:\/\/neversikastetxea.com\/es\/wp-json\/wp\/v2\/pages\/52","targetHints":{"allow":["GET"]}}],"collection":[{"href":"https:\/\/neversikastetxea.com\/es\/wp-json\/wp\/v2\/pages"}],"about":[{"href":"https:\/\/neversikastetxea.com\/es\/wp-json\/wp\/v2\/types\/page"}],"author":[{"embeddable":true,"href":"https:\/\/neversikastetxea.com\/es\/wp-json\/wp\/v2\/users\/1"}],"replies":[{"embeddable":true,"href":"https:\/\/neversikastetxea.com\/es\/wp-json\/wp\/v2\/comments?post=52"}],"version-history":[{"count":9,"href":"https:\/\/neversikastetxea.com\/es\/wp-json\/wp\/v2\/pages\/52\/revisions"}],"predecessor-version":[{"id":9511,"href":"https:\/\/neversikastetxea.com\/es\/wp-json\/wp\/v2\/pages\/52\/revisions\/9511"}],"wp:featuredmedia":[{"embeddable":true,"href":"https:\/\/neversikastetxea.com\/es\/wp-json\/wp\/v2\/media\/1178"}],"wp:attachment":[{"href":"https:\/\/neversikastetxea.com\/es\/wp-json\/wp\/v2\/media?parent=52"}],"curies":[{"name":"wp","href":"https:\/\/api.w.org\/{rel}","templated":true}]}}

<div class="wpb-content-wrapper"><p>[vc_row css=».vc_custom_1578592059204{padding-top: 4% !important;padding-bottom: 4% !important;}»][vc_column][vc_row_inner content_placement=»middle»][vc_column_inner el_class=»pad-right» width=»1/2&#8243;][vc_column_text css=»»]</p>
<h1>Nuestro comedor</h1>
<p><strong>Cocina propia en el centro</strong></p>
<p>En Nevers Ikastetxea creemos que para que la comida sea como la de casa, tiene que estar hecha en casa. Por eso, <strong>todas las comidas se cocinan diariamente en la cocina del propio colegio</strong>, garantizando una alimentación casera, equilibrada y de calidad.</p>
<p><strong>Alimentación KM0</strong></p>
<p>Apostamos por un modelo de alimentación <strong>KM0</strong>, priorizando productos locales, frescos y de temporada. De este modo fomentamos hábitos saludables, reducimos el impacto ambiental y apoyamos a los productores del entorno.</p>
<p>El comedor es así una extensión del proyecto educativo del centro, donde la alimentación se convierte también en una herramienta de aprendizaje.</p>
<p><strong>Menús equilibrados y seguros</strong></p>
<p>Los menús se elaboran en colaboración con <strong>Ausolan</strong>, empresa con <strong>más de 45 años de experiencia</strong>, siguiendo criterios dietéticos y nutricionales adecuados al desarrollo del alumnado, con todas las garantías higiénicas y sanitarias.[/vc_column_text][/vc_column_inner][vc_column_inner width=»1/2&#8243;][vc_single_image image=»8664&#8243; img_size=»large» alignment=»center» css=»»][/vc_column_inner][/vc_row_inner][/vc_column][/vc_row][vc_row full_width=»stretch_row» el_class=»CTA» css=».vc_custom_1578592079480{padding-top: 4% !important;padding-bottom: 4% !important;background-color: #e2e2e2 !important;}»][vc_column][vc_row_inner equal_height=»yes» content_placement=»middle»][vc_column_inner el_class=»leftColCTA» width=»1/2&#8243; offset=»vc_hidden-sm vc_hidden-xs»][vc_column_text]</p>
<h2 style="margin: 0; font-size: 3em;"><span style="color: #ffffff;">Descarga el menú del comedor</span></h2>
<p>[/vc_column_text][/vc_column_inner][vc_column_inner width=»1/4&#8243; offset=»vc_hidden-sm vc_hidden-xs»]<div class="vckit-btn-container vckit-btn-center"><a class="vckit-btn button--winona button--size-m button--text-thin button--border-medium button--round-s vckit_custom_class_869c3e17e9c0e3  CTAButton seeMoreButtonNegative" href="https://menuo.ausolan.com/" title="" target="_blank" data-text="Menú" rel="nofollow noopener"><span>Menú</span></a></div>
<style type="text/css" data-type="vckit-shortcode-css" data-shortcode="vckit_button">.vckit-btn.vckit_custom_class_869c3e17e9c0e3 { color: #ffffff}.vckit-btn.vckit_custom_class_869c3e17e9c0e3 { border-color: #ffffff}.vckit-btn.vckit_custom_class_869c3e17e9c0e3:hover { color: #f2f2f2}.vckit-btn.vckit_custom_class_869c3e17e9c0e3:after { color: #f2f2f2}</style>[/vc_column_inner][vc_column_inner width=»1/4&#8243;]<div class="vckit-btn-container vckit-btn-center"><a class="vckit-btn button--winona button--size-m button--text-thin button--border-medium button--round-s vckit_custom_class_969c3e175eecc2  CTAButton seeMoreButtonNegative" href="https://menuo.ausolan.com/" title="" target="_blank" data-text="Dietas especiales" rel="nofollow noopener"><span>Dietas especiales</span></a></div>
<style type="text/css" data-type="vckit-shortcode-css" data-shortcode="vckit_button">.vckit-btn.vckit_custom_class_969c3e175eecc2 { color: #ffffff}.vckit-btn.vckit_custom_class_969c3e175eecc2 { border-color: #ffffff}.vckit-btn.vckit_custom_class_969c3e175eecc2:hover { color: #f2f2f2}.vckit-btn.vckit_custom_class_969c3e175eecc2:after { color: #f2f2f2}</style>[/vc_column_inner][/vc_row_inner][/vc_column][/vc_row][vc_row css=».vc_custom_1577966471160{padding-top: 5% !important;padding-bottom: 3% !important;}»][vc_column][vc_row_inner][vc_column_inner][vc_column_text css=»» el_class=»columna-texto»]<strong>Dietas especiales</strong></p>
<p>Ofrecemos menús adaptados a alumnado con <strong>alergias, celiaquía y otras necesidades alimentarias específicas</strong>, siempre cuidando su bienestar y salud.</p>
<p><strong>Atención durante el comedor</strong></p>
<p>El alumnado está atendido por profesorado del centro y personal auxiliar de <strong>Ausolan</strong>. La haurtzaindegi cuenta con su <strong>propio comedor</strong>, adaptado a esta etapa.</p>
<p><strong>Horarios:</strong></p>
<ul>
<li>Comedor: 12:30-14:00 (EI/EP) / 14:30-15:00 (ESO)</li>
<li>Tiempo libre y extraescolares de mediodía: 12:30-14:30</li>
<li>Alumnado de 3 años: siesta obligatoria</li>
</ul>
<p><strong>Gestión del servicio</strong></p>
<p>Las <strong>altas y bajas</strong> del comedor se gestionan a través de <strong>Secretaría o Administración</strong>.[/vc_column_text][/vc_column_inner][/vc_row_inner][/vc_column][/vc_row][vc_row el_class=»twoColumnsVideos»][vc_column][vc_row_inner][vc_column_inner width=»1/2&#8243;][vc_single_image image=»8665&#8243; img_size=»large» alignment=»center» css=»»][/vc_column_inner][vc_column_inner width=»1/2&#8243;][vc_single_image image=»8667&#8243; img_size=»large» alignment=»center» css=»»][/vc_column_inner][/vc_row_inner][/vc_column][/vc_row]</p>
</div>

<p>[vc_row css=».vc_custom_1578592059204{padding-top: 4% !important;padding-bottom: 4% !important;}»][vc_column][vc_row_inner content_placement=»middle»][vc_column_inner el_class=»pad-right» width=»1/2&#8243;][vc_column_text css=»»] Nuestro comedor Cocina propia en el centro En Nevers Ikastetxea creemos que para que la comida sea como la de casa, tiene que estar hecha en casa. Por eso, todas las comidas se cocinan diariamente en la cocina del propio colegio, garantizando una alimentación casera, &hellip; </p>
<p class="link-more"><a href="https://neversikastetxea.com/es/comedor/" class="more-link">Seguir leyendo<span class="screen-reader-text"> «Comedor»</span></a></p>
